1*d - 7. Let z be r(b). Let f = -19 - -33. Calculate the highest common divisor of f and z.
14
Let x = -4 + 15. Calculate the greatest common factor of x and 44.
11
Suppose -5*g + 197 = -2*n, 0 = 2*n - 0*n + 2. Suppose -13 = -3*s + 26. Calculate the greatest common divisor of s and g.
13
Let b = -4 + 13. Suppose -b*m + 7*m + 10 = 0. Calculate the highest common divisor of m and 40.
5
Let s be 3 + -2 + (3 - -6). What is the greatest common divisor of 4 and s?
2
Let p(z) be the third derivative of 79*z**4/24 + z**3/6 - 5*z**2. Let t be p(1). Suppose l + 20 = 3*l. Calculate the highest common divisor of t and l.
10
Suppose 5*v + i = 6, -7*i - 18 = v - 2*i. What is the highest common divisor of 16 and v?
2
Suppose -2*a - 4*w + 196 = 0, -3*a - 5*w - 202 + 493 = 0. Suppose m = a + 27. What is the greatest common divisor of m and 17?
17
Let g be (-231)/(-14)*(-8)/(-6). Calculate the greatest common factor of g and 88.
22
Let d(j) = -j**3 - 6*j**2 - j - 5. Let w be d(-6). Let n be -233 - w/2*2. Let y = -108 - n. What is the highest common divisor of 18 and y?
18
Let f = 1 + 2. Let v(b) = -b. Let h be v(f). Let l be 92/6 - (-1)/h. Calculate the highest common factor of l and 10.
5
Suppose 2*k + 95 = 5*k + c, 0 = 3*c - 15. What is the highest common factor of 30 and k?
30
Suppose 210 = 7*z - 4*z. Let k = 68 + -48. Let a = k + z. What is the highest common divisor of 10 and a?
10
Let b(j) = -j**2 + 7. Let z be b(0). Let u = -6 + z. What is the greatest common divisor of u and 1?
1
Let y be (-12)/(-8)*(-16)/(-6). Suppose o = y*x - 389, 3*o - 460 = -5*x - o. Let h(n) = -3*n - 3. Let w be h(-5). What is the highest common divisor of x and w?
12
Let o be 5*-2*33/(-10). Suppose d + 5*f - 17 + 5 = 0, -5*f = -d + 32. Calculate the greatest common divisor of d and o.
11
Let a be (-208)/65 - (-4)/(-5). Let d be (0 - (a - -4)) + 30. What is the greatest common factor of d and 15?
15
Suppose -2 - 17 = -m + 4*s, -5 = -s. Calculate the highest common factor of m and 13.
13
Let w(g) = 10*g - 2. Let q be (-1)/((-1)/(-2) + -1). Let k be w(q). Suppose l - k = 4*s - 2, -5*l = -5*s - 125. What is the greatest common divisor of l and 42?
14
Let g(z) = 31*z**2 - 4. Let o be g(3). Suppose -49 = -4*v + o. Calculate the highest common factor of v and 9.
9
Suppose 4*o - o = -3*b + 495, 4*o - 2*b - 636 = 0. What is the highest common divisor of o and 23?
23
Suppose 7*h = 9*h - 20. Calculate the greatest common divisor of h and 30.
10
Suppose -2*n - 2*n = 2*h - 6, -28 = -h + 3*n. Suppose -5*d + 97 + h = 0. What is the greatest common factor of d and 33?
11
Suppose 0 = -4*m + 2*o - 3*o + 446, 340 = 3*m - 2*o. What is the highest common factor of 16 and m?
16
Let b(g) = -g - 3. Let h be b(-11). Calculate the greatest common factor of 72 and h.
8
Suppose 3*z - 2*z = -l - 22, -4*l + 16 = 0. Let s be -1 - z/(2 - 0). What is the greatest common divisor of 12 and s?
12
Let n be (56/(-10))/((16/20)/(-4)). Let b = -16 + 23. Calculate the greatest common factor of b and n.
7
Let b(v) = -3*v + 1. Let p be b(-1). Suppose -k - t = -4*k + 40, -56 = -p*k + 2*t. What is the highest common factor of k and 108?
12
Let v(b) = -2*b - 6 + 3 - 2 - 4*b**2 - b**3. Let q be v(-4). Suppose -a + 5*m - 31 + 10 = 0, q*a + 2*m - 22 = 0. What is the highest common divisor of 6 and a?
2
Let b(m) = 4*m**2 + 10*m - 4. Let y be b(-5). What is the greatest common divisor of y and 230?
46
Suppose -o - 5 = -p + 3, 0 = 4*o - 16. Let f = p + 4. Calculate the highest common divisor of f and 48.
16
Let m be 2/(-11) - 68/(-11). Let n = m - 0. Suppose 7*s - 2*s = 2*v + 69, -78 = -5*s - v. Calculate the highest common divisor of s and n.
3
Let p be (-781)/(-4) + (-3)/12. Suppose 6*z = z + p. Suppose 4*v + 7*d = 2*d + 62, 3*v - 2*d = 35. Calculate the highest common factor of v and z.
13
Let o be 1 + 1 - (24 - 166). Suppose -4*s + 0*s - 24 = 0. Let m be (-4)/s + 92/6. Calculate the greatest common factor of o and m.
16
Let w(p) = p**3 - 6*p**2 + p + 13. Let c be w(6). Calculate the highest common divisor of c and 133.
19
Let k = -32 - -12. Let p = 25 + k. What is the greatest common divisor of p and 5?
5
Let n(p) = 246*p - 3. Let d be n(1). What is the highest common divisor of 27 and d?
27
Let o be (10/(-2))/((-3)/24). Let d(b) = b**3 + 21*b**2 + 39*b + 35. Let m be d(-19). Calculate the highest common factor of m and o.
8
Let d(h) = 3*h - 4. Let k(q) = 2*q - 3. Let p(m) = 5*d(m) - 8*k(m). Let r be p(-11). Calculate the highest common factor of 10 and r.
5
Let j = -71 - -77. What is the highest common factor of j and 18?
6
Suppose 0*x + 2*x = -16. Let a(s) = -8*s - 1. Let h be a(x). What is the greatest common divisor of 7 and h?
7
Suppose 0 = 3*c + 4*t + 7, 0 = 2*c - 3*t - 1 - 17. Let b be (9 - 5) + 6/2. Let r = b + c. Calculate the highest common divisor of r and 90.
10
Suppose -4*y - 4*h = 0, 5*y + 2*h - 24 = 3*h. Calculate the greatest common divisor of y and 44.
4
Let g be 1/1 + (0 - -8). Let t be 128/g + 4/(-18). Let j = -48 - -90. Calculate the greatest common divisor of j and t.
14
Let p(m) = -m + 63. Let q be p(0). What is the highest common divisor of q and 21?
21
Suppose 0*c + c - 34 = -4*q, 0 = q - 2*c - 13. Let g be ((-3)/(-5) - 3)*-15. What is the greatest common divisor of g and q?
9
Suppose -5*i - 1 = -3*m + 10, -5 = 5*i. Suppose m*q - 24 = z, 3*z + 13 = q - 4. What is the highest common factor of q and 33?
11
Let k be (6/(-4))/((-4)/8). Let o be 20/2*(-2 + k). What is the greatest common divisor of o and 40?
10
Let g be 17 - (-3)/(-6)*6. Let p be 2 + -2 - (0 - 370). Suppose 2*y - 7*y + 5*q + p = 0, 0 = -3*y + 5*q + 230. What is the greatest common factor of g and y?
14
Suppose 3*z + 3*g + 138 = 0, -2*z + 71 = -4*z + 5*g. Let q be (-8)/(-36) - z/9. Calculate the highest common factor of 25 and q.
5
Suppose 3*i = 8 + 7. Suppose 0 = -5*u - 5*z + 90, -i*u - z + 107 = 1. Calculate the greatest common divisor of 11 and u.
11
Let s(y) = -13*y**3 + 3*y + 1. Let n be 1 - (0 - 3*-1). Let w be s(n). What is the highest common divisor of 9 and w?
9
Let w(t) = t**2 - t + 19. Let g be w(0). Let r = g + 5. Calculate the highest common factor of r and 12.
12
Suppose -5*f + 0*f = -p - 95, 15 = -3*p. Let h = -18 + 13. Let z(x) = -2*x - 4. Let w be z(h). What is the highest common factor of w and f?
6
Suppose -3*v + 4*v = 0. Suppose -2*n = -v*n - 6. Suppose -r - p + 12 = 0, -3*r + 26 = -n*p - 4. What is the highest common divisor of r and 77?
11
Let f be (-2)/7 - (-4)/14. Suppose 2*z + f*z + 10 = 2*o, -5*z + 15 = 3*o. Let p = 63 + z. Calculate the greatest common factor of p and 21.
21
Let p be 4/10 - (-16)/10. Suppose 2*k = 4 - p. What is the highest common factor of 5 and k?
1
Let w = -110 + 65. Let q be (-5)/(-2)*(-72)/w. Calculate the greatest common divisor of 44 and q.
4
Let m = 18 + 17. Let b(p) = 3*p - 4. Let s be b(6). What is the highest common divisor of s and m?
7
Let r be ((-351)/15)/3*1*-5. Calculate the greatest common divisor of 3 and r.
3
Suppose 4*w - 389 = 5*o, -5*w = -8*o + 3*o - 490. Let d = w - 59. Calculate the highest common divisor of 14 and d.
14
Let s = 72 - 49. Let q = s + 57. Let v be (-136)/(-14) + 2/7. Calculate the highest common divisor of q and v.
10
Suppose -2*w + 7 = -5. Let n(v) = -v**3 + 18*v**2 - 30*v - 14. Let u be n(16). What is the highest common factor of u and w?
6
Let n be (-3)/12 - (-7)/(-4). Let c be (n/(-5))/((-1)/(-300)). Calculate the greatest common divisor of 15 and c.
15
Suppose 63 = o - 90. Let m = 7 + -7. Suppose 4*u + 3*b + 28 - 108 = 0, 5*u - 3*b - 73 = m. What is the highest common divisor of u and o?
17
Let y be -3 - (-8*2 - -1)*1. What is the greatest common divisor of y and 60?
12
Let l = 96 - -14. Suppose 5*y + 28 = -5*z + 68, -5*z - 3*y = -44. What is the highest common divisor of z and l?
10
Let s be (-2052)/(-45) - (-3)/(-5). Let l be 4/6*9/1. Suppose l*t + 15 = 7*t. What is the greatest common factor of s and t?
15
Let w = -5 + 16. Suppose 504 - 9 = 5*s. What is the highest common factor of w and s?
11
Let q = 48 - 19. Calculate the highest common divisor of q and 116.
29
Suppose 0*u - 188 = 4*u. Let d = -31 - u. Calculate the highest common factor of 64 and d.
16
Suppose 0 = 4*o - 7*o + 6. Suppose -5*c = -o*c - 27. What is the greatest common divisor of 3 